of 2379068.
2, 71, 8377
What are the prime factors of 2793845?
5, 558769
What are the prime factors of 109662?
2, 3, 7, 373
What are the prime factors of 449458?
2, 224729
List the prime factors of 32448614.
2, 11, 17, 53, 1637
List the prime factors of 9196483.
83, 179, 619
What are the prime factors of 11519625?
3, 5, 13, 17, 139
What are the prime factors of 1408422?
2, 3, 43, 53, 103
List the prime factors of 144951.
3, 19, 2543
What are the prime factors of 1353436?
2, 7, 48337
List the prime factors of 1953186.
2, 3, 31, 10501
What are the prime factors of 3225465?
3, 5, 229, 313
What are the prime factors of 12415184?
2, 775949
What are the prime factors of 4891847?
23, 53, 4013
What are the prime factors of 1221896?
2, 13, 31, 379
What are the prime factors of 2084751?
3, 77213
What are the prime factors of 12059703?
3, 101, 13267
List the prime factors of 264746.
2, 19, 6967
What are the prime factors of 3297573?
3, 366397
What are the prime factors of 49433?
49433
List the prime factors of 716897.
716897
List the prime factors of 1392815.
5, 278563
List the prime factors of 549852.
2, 3, 45821
List the prime factors of 27323481.
3, 29, 314063
List the prime factors of 552431.
11, 50221
What are the prime factors of 3999892?
2, 13, 61, 97
List the prime factors of 38839028.
2, 9709757
What are the prime factors of 283858?
2, 71, 1999
List the prime factors of 55057.
55057
List the prime factors of 658573.
658573
What are the prime factors of 1325723?
7, 189389
List the prime factors of 1007940.
2, 3, 5, 107, 157
List the prime factors of 854558.
2, 427279
What are the prime factors of 722719?
47, 15377
What are the prime factors of 2504783?
2504783
What are the prime factors of 1312218?
2, 3, 72901
What are the prime factors of 148731?
3, 11, 4507
What are the prime factors of 159421?
159421
List the prime factors of 650145.
3, 5, 89, 487
List the prime factors of 5568576.
2, 3, 13, 23, 97
What are the prime factors of 18096588?
2, 3, 19, 8819
List the prime factors of 6690433.
6690433
What are the prime factors of 395346?
2, 3, 7, 9413
List the prime factors of 1241317.
7, 11, 47
List the prime factors of 186647.
186647
List the prime factors of 28370278.
2, 41, 345979
What are the prime factors of 32698708?
2, 7, 1167811
List the prime factors of 521911.
13, 19, 2113
List the prime factors of 582340.
2, 5, 11, 2647
What are the prime factors of 399280?
2, 5, 7, 23, 31
What are the prime factors of 2929471?
137, 21383
List the prime factors of 1356368.
2, 13, 6521
List the prime factors of 7467808.
2, 109, 2141
What are the prime factors of 698203?
11, 63473
What are the prime factors of 78162?
2, 3, 7, 1861
List the prime factors of 18573.
3, 41, 151
List the prime factors of 489396.
2, 3, 17, 2399
List the prime factors of 3378416.
2, 211151
What are the prime factors of 19878794?
2, 13, 103, 571
List the prime factors of 1960677.
3, 131, 1663
List the prime factors of 797004.
2, 3, 13, 131
List the prime factors of 259107.
3, 86369
List the prime factors of 1740063.
3, 13, 44617
What are the prime factors of 15376594?
2, 7688297
List the prime factors of 31413.
3, 37, 283
What are the prime factors of 433766?
2, 73, 2971
What are the prime factors of 15544010?
2, 5, 1554401
What are the prime factors of 11136794?
2, 5568397
What are the prime factors of 1159740?
2, 3, 5, 17, 379
List the prime factors of 184616.
2, 47, 491
What are the prime factors of 761334?
2, 3, 7, 18127
List the prime factors of 559618.
2, 73, 3833
List the prime factors of 311200.
2, 5, 389
What are the prime factors of 1541350?
2, 5, 29, 1063
List the prime factors of 575838.
2, 3, 31991
List the prime factors of 6110546.
2, 13, 197, 1193
What are the prime factors of 15165503?
3299, 4597
List the prime factors of 92661.
3, 67, 461
What are the prime factors of 13806814?
2, 7, 47, 20983
What are the prime factors of 5973?
3, 11, 181
List the prime factors of 448932.
2, 3, 11, 19, 179
List the prime factors of 7861203.
3, 7, 124781
List the prime factors of 4225403.
7, 13, 59, 787
What are the prime factors of 762413?
19, 40127
List the prime factors of 241420.
2, 5, 12071
What are the prime factors of 11680762?
2, 107, 54583
What are the prime factors of 248620?
2, 5, 31, 401
What are the prime factors of 5637?
3, 1879
List the prime factors of 114829.
11, 13, 73
List the prime factors of 311235.
3, 5, 20749
What are the prime factors of 772983?
3, 3181
What are the prime factors of 50515?
5, 10103
List the prime factors of 5713420.
2, 5, 463, 617
List the prime factors of 182215.
5, 11, 3313
What are the prime factors of 18013494?
2, 3, 223, 13463
List the prime factors of 8356060.
2, 5, 29, 14407
List the prime factors of 824629.
13, 229, 277
List the prime factors of 4644220.
2, 5, 7, 677
What are the prime factors of 4090924?
2, 127, 8053
What are the prime factors of 939523?
13, 72271
List the prime factors of 99135.
3, 5, 2203
What are the prime factors of 448658?
2, 7, 73, 439
List the prime factors of 4482230.
2, 5, 59, 71, 107
What are the prime factors of 3234896?
2, 7, 17, 1699
List the prime factors of 3318892.
2, 829723
List the prime factors of 477914.
2, 83, 2879
List the prime factors of 209113.
79, 2647
List the prime factors of 142619.
142619
What are the prime factors of 52168?
2, 6521
List the prime factors of 6118728.
2, 3, 7, 11, 43
What are the prime factors of 504605?
5, 43, 2347
List the prime factors of 91740.
2, 3, 5, 11, 139
What are the prime factors of 1432147?
1432147
What are the prime factors of 15408755?
5, 3081751
List the prime factors of 803871.
3, 19, 1567
List the prime factors of 2758743.
3, 13, 17, 19, 73
List the prime factors of 964528.
2, 23, 2621
List the prime factors of 1701659.
19, 89561
List the prime factors of 220355.
5, 44071
List the prime factors of 4633.
41, 113
List the prime factors of 813289.
139, 5851
List the prime factors of 3546465.
3, 5, 13, 1399
List the prime factors of 2969834.
2, 7, 212131
What are the prime factors of 1900483?
13, 146191
What are the prime factors of 19023552?
2, 3, 101, 109
What are the prime factors of 12135538?
2, 6067769
What are the prime factors of 6254957?
929, 6733
List the prime factors of 8765450.
2, 5, 175309
What are the prime factors of 369542?
2, 43, 4297
List the prime factors of 401913.
3, 44657
What are the prime factors of 88630?
2, 5, 8863
What are the prime factors of 19148?
2, 4787
What are the prime factors of 188713?
7, 26959
What are the prime factors of 4495572?
2, 3, 151, 827
List the prime factors of 4548740.
2, 5, 7, 32491
What are the prime factors of 781031?
17, 45943
List the prime factors of 252216.
2, 3, 31, 113
List the prime factors of 2386017.
3, 1091
List the prime factors of 768284.
2, 11, 19, 919
What are the prime factors of 55498?
2, 27749
What are the prime factors of 3150637?
7, 19, 23689
List the prime factors of 1654903.
1654903
List the prime factors of 3871138.
2, 17, 41, 2777
What are the prime factors of 3089813?
89, 149, 233
What are the prime factors of 4588146?
2, 3, 41, 6217
List the prime factors of 1160869.
257, 4517
What are the prime factors of 1493478?
2, 3, 7, 439
List the prime factors of 4951831.
23, 215297
List the prime factors of 486416.
2, 7, 43, 101
What are the prime factors of 1963991?
1319, 1489
What are the prime factors of 149575?
5, 31, 193
What are the prime factors of 847740?
2, 3, 5, 71, 199
List the prime factors of 217233.
3, 24137
What are the prime factors of 1213216?
2, 31, 1223
What are the prime factors of 2236173?
3, 745391
What are the prime factors of 7105912?
2, 11, 80749
What are the prime factors of 182076?
2, 3, 15173
List the prime factors of 2198210.
2, 5, 7, 31, 1013
List the prime factors of 98569.
241, 409
List the prime factors of 340727.
19, 79, 227
List the prime factors of 11214198.
2, 3, 757, 823
What are the prime factors of 410464?
2, 101, 127
What are the prime factors of 7276370?
2, 5, 53, 13729
List the prime factors of 1247571.
3, 13, 10663
List the prime factors of 129157.
7, 18451
What are the prime factors of 77954?
2, 38977
List the prime factors of 2915643.
3, 31, 107, 293
List the prime factors of 485589.
3, 13, 12451
List the prime factors of 104478.
2, 3, 11